i, 3*l + 2*i - 11683 = 11959. Suppose -25*v - l = -27*v. Is v a prime number?
False
Let h = -3 - -34. Let w(c) = 64*c + h*c - 18*c + 19. Is w(8) composite?
True
Let w(n) = -28*n**3 - 2*n**2 - 9*n - 2. Let z be w(-6). Let a = z + -3517. Suppose a = 3*y + 924. Is y a composite number?
True
Suppose -8*f + 5*f - 161611 = -4*o, 3*o = -2*f + 121221. Is o a composite number?
True
Suppose -5*j = -9*y + 4*y - 30, -3*y = -j + 8. Suppose -10*c = -14*c + j*w + 3, -4*w = -4. Suppose -c*q + 4543 = 5*q. Is q composite?
True
Is -494*109/(-16) - (-15)/(-40) a prime number?
False
Let w(d) = -22*d**3 - 3*d**2 - 2*d - 5. Let f = -162 + 158. Is w(f) a prime number?
False
Suppose -28 = 2*i - 54. Suppose -6*z - 21959 = -i*z. Is z prime?
True
Let p = -139502 - -224815. Is p prime?
True
Let o be (-24)/(-8) + (-3 - -9). Let x = 17867 - 7066. Suppose -2*v = -o*v + x. Is v composite?
False
Let i(t) = -11*t**3 + 11*t**2 - 21*t + 3. Let p(x) = 5*x**3 - 5*x**2 + 11*x - 1. Let h(v) = -4*i(v) - 7*p(v). Is h(6) a prime number?
True
Suppose 165*v - 160*v + 47335 = 0. Is v/2*(-26)/13 a composite number?
False
Suppose -4*q - 56 = 4*o, 7 = -4*o - q - 34. Let v(b) = -b**3 + 2*b**2 + 21*b + 5. Is v(o) a composite number?
True
Let o be 80/(-30)*3/(-4). Suppose s + 4*s + 15 = 5*u, -3*s = o*u - 16. Suppose -498 = s*j - 2408. Is j composite?
True
Suppose 2*m - 13*j = -8*j + 33, -3*j = 5*m - 67. Suppose -6*f - 3032 = -m*f. Is f composite?
False
Let b be (152208/35)/4*(-1 + 11). Let x = 31327 - b. Is x a prime number?
False
Suppose 0*a + 3*a - 192 = 0. Let s be 4/10 + a/40. Suppose s*y = 4*y - 6410. Is y a prime number?
False
Let z be 11/77 + (-2)/14. Suppose z = 3*j - 7*j - 5*i + 27139, -i = 5. Is j a prime number?
True
Suppose -4 = -6*w + 86. Is (-42536)/(-156)*2*w/4 prime?
False
Suppose -68*g + 44990430 + 66482363 - 8728533 = 0. Is g a prime number?
False
Let r(c) = 543*c**2 + 3*c + 2. Suppose 9*z - 2 = -3*x + 8*z, 5*z - 29 = 4*x. Is r(x) a prime number?
False
Suppose -6 = h - 0*l + 2*l, -5*h - 3*l = 2. Suppose -5*q - 3076 = 2*r, h*q = -0*q - 4*r - 1224. Let k = q + 1203. Is k a prime number?
True
Let b = -59 - -53. Let s be 616344/(-36) - 4/b. Is (s/128)/(1/(-4)) a prime number?
False
Let w = -2186 + 10728. Is w a composite number?
True
Suppose -x = 4*x - 3*l - 703, -x + 137 = 3*l. Let g = x + 2034. Is g composite?
True
Let p be 5/(20/(-12764)) - (-15 + 11). Let g = 9474 + p. Is g prime?
True
Suppose 170*b - 5 = 169*b. Suppose b*x = 2925 + 2740. Let f = -580 + x. Is f a prime number?
False
Let a = 392714 - 186711. Is a composite?
True
Let k = -286 + 286. Suppose 26925 = 4*v + q, k = -5*v - 2*q + 28806 + 4851. Is v a prime number?
False
Suppose -3*v - v = -144. Suppose -245*t + 243*t - 12 = 4*s, 0 = 4*s + 16. Suppose -b + v = n, 4*n + 3*b = t*b + 141. Is n prime?
False
Suppose 17*w - 24*w = -28. Suppose 5*g + 2*u - 5557 = 4988, -5*u = w*g - 8419. Is g a prime number?
True
Let b(i) = 1372*i**2 + 150*i - 2071. Is b(21) a composite number?
False
Suppose -26*w = -10*w + 9120. Is 4607/15 + 76/w composite?
False
Is 607052/16 - (-196)/(-112) a prime number?
False
Let w = 19753 - -94558. Is w a prime number?
True
Let v(p) = p - 11. Let n be v(-10). Let g = 20 + n. Is (g - -2)/(7/777) a composite number?
True
Let y = 59284 - 31284. Suppose 2*q = -5*v + y, -5*v + 5*q = 4*q - 28015. Is v a composite number?
True
Let l = 2383 - 1093. Suppose i = -2*i - l. Let o = -99 - i. Is o a prime number?
True
Suppose -5269*x + 5272*x - 130623 = 0. Is x a prime number?
True
Let n(v) = -400*v + 37. Let h be n(8). Let u = h + 16530. Is u prime?
True
Let w(n) = 80*n + 31. Let c = -36 - -39. Let f be (8/c + 2)*3. Is w(f) a composite number?
False
Let d(y) = -2*y**2 + 983*y - 456. Is d(119) prime?
False
Is (-4)/38 - (-11 + (-10858278)/57) prime?
True
Suppose 0 = 4*v - 5*d - 163, v - 5*d = 4*v - 96. Let q = v - 43. Is 4/q - 39391/(-33) a prime number?
True
Suppose 5 = -2*a - g + 2, 3*g + 5 = -4*a. Is (1*a/(-6))/((-43)/(-777741)) a composite number?
False
Let l = -3721 + 5264. Is l composite?
False
Suppose -b = -4*j + 5, 2*j = -3*j + 5*b - 5. Let i be j*(-1)/(-2) + 263. Suppose 0*q + i = 2*k + 2*q, -4*q + 401 = 3*k. Is k a composite number?
False
Let z(o) = o + 5. Let m be z(-4). Let b(s) be the second derivative of 27*s**5 + s**4/12 - s**3/6 + s**2/2 + 22*s. Is b(m) a prime number?
True
Let g = 11 - 6. Is g/(-40) - 507930/(-80) composite?
True
Let m = -58 + 60. Suppose m*n - n + 30 = 2*b, -b + 5*n + 33 = 0. Is b a composite number?
False
Suppose 531 - 2969 = 2*n. Let f = n - -2111. Let q = f - 585. Is q a composite number?
False
Is (-33827 + 0)*((-4)/(-6) - 460/276) a composite number?
False
Let b be (278/6)/(2/(-18)). Let q = -227 - b. Let o = q - 101. Is o prime?
True
Suppose 8*i = -34 - 14. Let l be 1044/45 - (-1 - i/5). Let u = l - -168. Is u a composite number?
False
Let m = 26 - 20. Let o be 16/6*m/4. Is -3 - -10 - o - -71 composite?
True
Let b(i) = -i**3 + i**2 + 4*i + 5. Let j be b(-2). Suppose 3*c + 25014 = j*c. Is c prime?
False
Let l(t) = 348*t**2 + 2*t + 13. Is l(3) a prime number?
False
Let j(n) = 67902*n + 409. Is j(3) composite?
True
Suppose 5 = d + y + y, -y = 3*d - 10. Suppose b + d*c + 916 = 2776, 9300 = 5*b + 3*c. Let g = b + 599. Is g composite?
False
Suppose 221*o - 3091902 - 3821962 = -47*o. Is o composite?
True
Let a be (32/12 - 3)*12. Is (a - -10046)*(-1)/(0 - 2) a composite number?
False
Let h = -35919 - -74800. Is h a prime number?
False
Let l = 230043 - -132134. Is l a composite number?
False
Suppose 8 - 2 = 3*l. Let k be l*(3/(-2) - -2). Is -10*(k + 183/(-2)) prime?
False
Let w(s) = -2*s + 33. Let u be w(21). Is 3/u + (-274360)/(-57) prime?
True
Let x(v) = 83*v - 25. Let w = 53 + -37. Let y be x(w). Suppose y + 2565 = 4*k. Is k a prime number?
True
Let h = -21 + 27. Suppose h*k = k - 20. Let c(a) = 5*a**2 + 2*a - 5. Is c(k) prime?
True
Suppose -5*a = f - 14, 0 = -2*f + a + 3*a - 28. Is 6*((-1154)/(-12) + f) prime?
True
Let k = 5758 - 2867. Let t = k - 1774. Is t a prime number?
True
Suppose 15*c + 5*v - 1915 = 13*c, 2*v = c - 953. Is c composite?
True
Let m(d) = 37*d**2 - 7*d + 11. Let w be m(-4). Let k = 1748 - w. Is k composite?
False
Is (3 + 54/(-24))/((-3)/(-2456)) a composite number?
True
Suppose 5223 = 13*b - 5502. Let w = b + -136. Is w prime?
False
Is 7 - (-86923 + 15) - 1 composite?
True
Suppose b = 36 - 3. Let q = b - 31. Is -4 + (-567 - q)/(-1) prime?
False
Let m(d) = -27*d + 32. Let p be m(2). Is -2 - ((-46)/4)/((-1)/p) composite?
False
Suppose -213506 = 50*k - 2700585 - 923271. Is k prime?
True
Suppose -6*c - 234 = -0*c. Let l = c - -35. Is l/14 - 7080/(-35) a prime number?
False
Let a = 64846 - 18587. Is a a composite number?
True
Suppose 61938856 = 279*k - 17980973. Is k composite?
True
Suppose i = 5*h - 45, -2*h - i + 31 = -4*i. Suppose -4*z + g + 4 = -9*z, -z = -2*g - h. Suppose z*x = 3*y - 4*x - 85, 3*y + x = 65. Is y a composite number?
False
Let q(y) = 1480*y**3 + 2*y**2 - 3*y + 2. Let t = 45 - 45. Suppose r + 7*r - 8 = t. Is q(r) a prime number?
True
Let v = 62 + -45. Let w be ((-1)/2)/(v/(-102)). Is 1*w - 385/(-11) a prime number?
False
Suppose 0 = -4*j + 2*z + 175450, 0 = j - 2*z - 18450 - 25417. Suppose -152522 = -11*w + j. Is w/2*28/42 a composite number?
True
Suppose 5*c + 4*x = 1946495 - 314724, -c + 3*x + 326339 = 0. Is c composite?
False
Suppose -269*g + 81506783 + 224152952 = -21440230. Is g a prime number?
False
Suppose 0 = 3*b + 8*m - 4*m - 36603, 5*m = -4*b + 48803. Is b a prime number?
True
Suppose -26*x = 3031334 - 10883932. Is x composite?
True
Suppose -52*b - 47762 + 1151613 = 51*b. Is b a prime number?
False
Let p(d) = -476 + 3*d**3 + 3*d**2 + 2*d**2 - 4*d**2 - 22*d + 231 + 239. Let f(k) = k**2 + 3*k - 2. Let b be f(-5). Is p(b) a prime number?
False
Let v = 1452795 + -1024706. Is v prime?
False
Suppose -4*m - w = 196, -3*m - 74 = -4*w + 54. Let f be -3*(m/(-9) - 5). Is 1/2*-402*f/3 a prime number?
True
Suppose 0*v + 3*v = 5*v. Suppose -51*s - 77970 + 213477 = v. Is s a prime number?
True
Let s = 369152 - 15031. Is s a prime number?
True
Suppose -25*y + 2964189 + 1282336 = 0. Is y a composite number?
True
Let s be 3 + (43 - 0 - (5 + -2)). Let d = s - 43. Is (-6)/6 - -980 - (0 + d) a composite number?
True
Let o be 46/161 - (-134125)/7. Suppose -3